*r + 3. Let a(y) = -13*m(y) - 6*q(y). Is a(u) composite?
True
Suppose -4*y - 10 = -y - 5*k, 5*y - 30 = -k. Suppose -y*h + 38 = 3*c, 5*h - 14 = 11*c - 10*c. Suppose -c*r + 5*r = -1361. Is r composite?
False
Suppose -10*f - 19 = -9*f. Let b = 30 + f. Suppose -10*u + b*u = 1318. Is u a prime number?
False
Let x be 2802 - (7 + 3 - 2). Suppose -3*s + x = 5*k - 4*k, -5*k = -2*s - 14055. Is k a prime number?
False
Suppose 8*q = 6*q + 2*j + 210812, 4*j + 316215 = 3*q. Is q a prime number?
False
Let r(q) = 1933*q**2 - 240*q + 1768. Is r(11) prime?
True
Suppose -2*z = 4*g - 539378, -12*g = -z + 174052 + 95721. Is z a composite number?
False
Let r be (4/6)/((-4)/1932). Is (-92)/r + (-151630)/(-14) a composite number?
False
Let u = 238995 + -112172. Is u a prime number?
True
Let a = 578 + -574. Suppose 0 = 5*l, 0 = a*o + 3*l - 29161 - 4203. Is o a prime number?
False
Suppose 138*j - 119*j = 217*j - 13084434. Is j a prime number?
True
Suppose -177*v = -176*v - 4. Suppose 13*g = v*g + 1827. Is g composite?
True
Let a be 3/6 + (-8033)/(-2). Suppose -17*p - 15*p + 72256 = 0. Let r = a - p. Is r a composite number?
False
Let g(h) = -3765*h**3 + 3*h**2 - 71*h - 218. Is g(-3) prime?
False
Let a(h) = 1025485*h**3 + 90*h**2 - 88*h - 2. Is a(1) prime?
False
Suppose 3*x - 10792 = -5*a, -4*a + 1040*x = 1045*x - 8631. Is a prime?
False
Let x = -91 + 94. Suppose x*r + 3 = 0, r - 4 = -3*w + 7. Suppose 197 = 4*p - 4*n + n, 2*n - 182 = -w*p. Is p composite?
False
Suppose 2*h + o - 3 = 0, 7*o = -5*h + 3*o + 9. Suppose y - 2 = h. Suppose 0*a - a - y*x + 31 = 0, 3*a = -4*x + 113. Is a prime?
True
Let o = 87 - 85. Suppose -3*z = -o*l - 5 + 39, -3*l = -z - 16. Let q(p) = -p**3 + 8*p**2 + 8*p + 1. Is q(z) prime?
True
Let g = 585 + -580. Suppose -2*k = g*u - 13018, 3062 = k - 2*u - 3429. Is k composite?
True
Suppose -952413 - 630338 = -17*d. Is d a prime number?
True
Is (-40119)/(-12) + (-14)/56 a composite number?
False
Suppose -10216 + 1286 = -19*z. Let u = z + 451. Is u composite?
True
Let k(j) = -59*j + 54641. Is k(0) a composite number?
True
Suppose 3*b - 2*y = -y + 6, -5*y = 2*b - 21. Suppose 1 = 2*w - 3*n, w + n - 9 = -b*w. Suppose 0 = -i + 3*j + 90, 19 + 153 = 2*i + w*j. Is i composite?
True
Suppose -198648 = -15*m + 189882. Let k = m + -13831. Is k a prime number?
True
Is ((-3)/(-10))/((-12)/(-2557560)) a prime number?
False
Let i be 6/(-8) - (-31073)/28. Suppose 4*v - 3*b - 2509 = 0, 631 = 8*v - 7*v + 3*b. Let w = i - v. Is w composite?
True
Let c be 4/((9/(-45))/((-6)/(-4))). Let d(z) = -108*z - 199. Is d(c) a prime number?
True
Suppose 9*v - 10*v - 35 = 0. Let j = 38 + v. Is (-2848)/(-12) - 2 - 1/j composite?
True
Suppose -80*c + 75*c + 3*l - 2738 = 0, -2191 = 4*c - 3*l. Let y = 1362 + c. Is y composite?
True
Is (14/(-7))/(-1 - 3/((-489822)/163270)) composite?
False
Suppose 38*a = 182537 + 499525. Suppose 0*c = -3*c + a. Is c composite?
True
Let v be 2/5 - 10/175*7. Suppose -5*i - 4*k + 17009 = v, 0*k + 10201 = 3*i - 2*k. Is i prime?
False
Let b = -59 + 63. Suppose -2*l = 4*m - 101006, -b*m - l - 3*l + 101000 = 0. Is m composite?
False
Suppose 34*k + 71062 = 500500 - 3520. Is k a composite number?
False
Suppose 87 = 5*g - 2*o, 4*g + g = -2*o + 83. Suppose -5*k = 5*z - 90, 5*k - g + 2 = 0. Let d(m) = m**3 - 10*m**2 - 4*m + 22. Is d(z) composite?
False
Let m = -370229 - -787176. Is m composite?
False
Let y = -237821 + 428910. Is y a prime number?
True
Let r = 255467 + -133558. Is r a composite number?
False
Suppose 218288 = -12*s + 5*s. Let k = 56851 + s. Is k composite?
False
Suppose -8 = 2*u, 4*f = 2*u + 2*u + 61368. Is (2/(28/f))/(28/196) prime?
True
Let w be (-325)/(-75) + (-1 - (-4)/6). Suppose n + w*s = 6, -n = n - s - 21. Suppose -n*d + 3598 = 4*d. Is d composite?
False
Let r = -458323 - -824652. Is r prime?
True
Suppose -2*y + 23*x + 668102 = 25*x, x = -4*y + 1336180. Is y prime?
True
Let f = -44533 + 68996. Suppose 0 = 2*h + 15*h - f. Is h a composite number?
False
Suppose -13*s = 15*s + 56. Is (4 - (s + 6)) + 2 + 14251 a composite number?
True
Let s = 259455 - 32938. Is s composite?
True
Let h(l) = 99*l**2 - 7*l - 1. Let w(u) = 8*u + 78. Let m be w(-10). Is h(m) prime?
True
Suppose -10*n = -0*n - 76590. Is ((-10)/20)/(n/7662 - 1) composite?
False
Suppose 16*f = 22*f - 72. Suppose -f*d + 288340 - 73504 = 0. Is d a prime number?
True
Suppose v - 17277 = 18334. Is v prime?
False
Let j be (330/9)/11*6/5. Suppose -2*s - 2168 = -j*p, -2*p + 5*s = -3*p + 531. Is p a composite number?
False
Let j be (-2)/8 - (-483)/92. Suppose 12*m = j*m. Is m + (-1 - 1933*-2) a prime number?
False
Suppose 0 = 4*y - 132 + 72. Let j(h) = h**3 + 9*h**2 - 19*h - 37. Is j(y) prime?
False
Let v(m) = -30*m**3 + 7*m**2 + 5*m + 1. Let z(g) = -30*g**3 + 8*g**2 + 6*g + 1. Let l = -18 + 23. Let t(w) = l*v(w) - 4*z(w). Is t(-2) a prime number?
True
Let q = -56 + 70. Suppose -s = -312 - q. Is (0 - (-3)/6)*s a prime number?
True
Suppose 30 = 4*v + 4*g - 9*g, 2*g + 29 = 5*v. Suppose 1192 = 2*n - v*i, -2*n - i = 4*i - 1172. Suppose 3*l = n + 18. Is l a prime number?
False
Let k(f) = 5963*f**2 - 39*f - 697. Is k(24) prime?
False
Suppose -3*k - 593 + 233 = -2*i, -3*i + 540 = -k. Suppose 11*s - 2*s = -i. Is (-43075)/s - (-10)/8 a composite number?
True
Let i be 71/(38/(-57) - (-191)/282). Let z = 1245 + i. Is z a composite number?
False
Suppose -49734323 + 26130641 = -384*i + 86296734. Is i composite?
False
Let i(s) be the third derivative of 0 - 21*s**2 + 11/6*s**3 + 0*s + 1/60*s**6 + 1/2*s**4 - 7/60*s**5. Is i(8) composite?
False
Let o(g) be the third derivative of 53*g**6/60 - g**5/12 - g**4/3 - 11*g**3/3 - 185*g**2. Is o(5) composite?
False
Let b = 349 - 344. Suppose 0 = -2*i - b*k + 2773, -i - 7*k + 1374 = -2*k. Is i a composite number?
False
Let i = 31 - 2. Let l = -27 + i. Is l/(-4 - 766/(-191)) a prime number?
True
Let m(h) = -30*h**2 - 11*h - 16. Let z(k) = 59*k**2 + 22*k + 31. Let d(x) = 5*m(x) + 3*z(x). Is d(-15) prime?
True
Let f(x) = 1691*x**2 + 4*x - 12. Let c be f(3). Let b = c + 10864. Is b a prime number?
True
Suppose 0 = 32*y - 18*y - 238350. Suppose 0 = 3*q + 6, 5*b + 7*q = 2*q + y. Is b a composite number?
False
Let w = 1645813 - 1003682. Is w composite?
True
Suppose -142*o = -130*o - 12. Let b(u) be the first derivative of 797*u**3/3 - u**2/2 + u - 1. Is b(o) a composite number?
False
Let r be (-54)/(-6)*10/3. Suppose -31*t + 1 = -r*t. Is ((-24300)/(-5))/3 - (0 - t) a prime number?
True
Suppose 0 = -136*k + 131*k + h + 473068, 5*k + 2*h - 473059 = 0. Is k a prime number?
True
Suppose 0 = 25*j + 8*j - 674437 - 2606489. Is j composite?
True
Suppose 0 = 3*w + 21 + 6. Let p be 66/4*11*(-6)/w. Suppose m - p = 226. Is m composite?
False
Let k = -26270 + 62401. Is k composite?
False
Suppose -3 = 2*a - 3*q, -2*a - 4*q - 21 = -q. Is (((-2)/1)/a)/(31/106113) a prime number?
False
Suppose -744398 = -197*f + 195*f - 5*a, 1860974 = 5*f + 2*a. Is f a composite number?
True
Let s(l) = -1224*l - 1562. Is s(-50) a prime number?
False
Suppose 4*v + 20147 = -5*c, -12072 = 64*c - 61*c - 3*v. Let s = c + 6206. Is s composite?
False
Suppose 87256 = -218*j + 453*j - 227*j. Is j a prime number?
False
Suppose 18*z - 14 = 11*z. Suppose -z*i - a - 41573 = -4*i, -41563 = -2*i + 3*a. Is i prime?
True
Let v = 518 - -447. Suppose 2*n + 233 + 99 = 0. Let k = v + n. Is k a prime number?
False
Let m be 2514/(-2*(-5)/25). Let i = m + -988. Is i composite?
False
Suppose 0 = 3*k + z - 26, 4*k + 3 - 16 = 3*z. Let b(j) = -j**3 + 13*j**2 + 8*j - 13. Is b(k) a composite number?
False
Let y = -57 + 55. Let b(k) = -2*k**3 - 2. Let l be b(y). Is 3286/l + 2/7 a composite number?
True
Suppose 9*s + 141254 = 2671793. Is s prime?
False
Suppose -1328999 - 2777894 = -29*g. Is g composite?
True
Let w be 0/((-5)/(-10) - 2/(-4)). Suppose w*t + 5 = t + a, 3*a - 23 = -5*t. Suppose -i + t*c = 4*i - 11673, -4*i = -5*c - 9342. Is i a prime number?
True
Suppose 2*z + 60 = 6*z. Is (-19 + z)/((-1)/61*2) a prime number?
False
Let m be (2 + 3)/(-3*(-5)/(-3840)). Let h = m + 2074. Is h a composite number?
True
Suppose -4*u - 4839 = 5*l, 3*u + 1746 + 184 = -2*l. Let m be 2/(-4)*-33*88. Let z = m - l. Is z composite?
False
Suppose -5*o + 8 = 28, 5*y + 5*o = -171390. Is (y - -8)*2/(-4) a prime number?
False
Let y(t) = t**3 - 2*t + 3. Let p be